e?
False
Is 241781 composite?
False
Is 10133 prime?
True
Is 8083 a composite number?
True
Is 211969 composite?
False
Is 850615 composite?
True
Is 134837 composite?
False
Is 22739 composite?
False
Is 234691 composite?
True
Is 91771 composite?
False
Is 1025483 prime?
True
Is 9371 composite?
False
Is 259099 composite?
False
Is 3943 a composite number?
False
Is 379 a composite number?
False
Is 28929 composite?
True
Is 506417 composite?
False
Is 14303 a prime number?
True
Is 2339131 a prime number?
True
Is 10643 a prime number?
False
Is 165437 prime?
True
Is 90227 a composite number?
False
Is 7737 prime?
False
Is 189883 prime?
False
Is 54251 prime?
True
Is 1438487 prime?
False
Is 510449 a prime number?
True
Is 631823 prime?
False
Is 431611 composite?
False
Is 313251 composite?
True
Is 70781 prime?
False
Is 49681 prime?
True
Is 2543095 composite?
True
Is 743 a prime number?
True
Is 2302283 a composite number?
False
Is 469031 a composite number?
False
Is 391133 composite?
False
Is 2371 composite?
False
Is 5039 composite?
False
Is 2496973 composite?
False
Is 149117 a prime number?
False
Is 1311899 prime?
True
Is 6349 prime?
False
Is 10349 composite?
True
Is 93259 composite?
True
Is 575527 a prime number?
False
Is 3437911 a composite number?
False
Is 57037 composite?
False
Is 185179 a composite number?
True
Is 42923 a prime number?
True
Is 5713 a composite number?
True
Is 14971 composite?
True
Is 3415 a prime number?
False
Is 8641 a composite number?
False
Is 489619 composite?
True
Is 7069 a prime number?
True
Is 63241 a composite number?
False
Is 44411 prime?
False
Is 39323 prime?
True
Is 62 a prime number?
False
Is 12677 composite?
True
Is 587449 a composite number?
True
Is 16493 prime?
True
Is 2759 a prime number?
False
Is 3040861 composite?
False
Is 1578991 prime?
False
Is 611941 a composite number?
True
Is 1693 a composite number?
False
Is 7829 prime?
True
Is 5701 composite?
False
Is 314291 composite?
True
Is 157 composite?
False
Is 5053 composite?
True
Is 38629 prime?
True
Is 3989 composite?
False
Is 235577 a prime number?
True
Is 215051 a composite number?
False
Is 1357567 a prime number?
False
Is 372871 a composite number?
False
Is 7867 prime?
True
Is 113999 a prime number?
False
Is 271693 composite?
False
Is 1097 composite?
False
Is 781 composite?
True
Is 1733818 composite?
True
Is 8287 a composite number?
False
Is 24607 composite?
True
Is 30577 a composite number?
False
Is 111721 composite?
False
Is 2101 a prime number?
False
Is 409429 composite?
False
Is 85303 prime?
True
Is 759359 composite?
False
Is 16567 a prime number?
True
Is 564449 a prime number?
True
Is 110809 prime?
False
Is 450617 prime?
True
Is 82189 prime?
True
Is 325747 composite?
False
Is 17517 prime?
False
Is 139681 composite?
False
Is 47857 prime?
True
Is 243197 a prime number?
True
Is 5091 composite?
True
Is 52477 a composite number?
True
Is 2322629 composite?
False
Is 103543 a composite number?
True
Is 1358143 a composite number?
False
Is 1082471 a composite number?
True
Is 770227 a prime number?
True
Is 69033 a prime number?
False
Is 17191 a composite number?
False
Is 44101 composite?
False
Is 753931 prime?
True
Is 1018 prime?
False
Is 18539 composite?
False
Is 171401 composite?
False
Is 15427 composite?
False
Is 18553 composite?
False
Is 293 a prime number?
True
Is 55607 a prime number?
False
Is 92423 prime?
False
Is 27509 a composite number?
False
Is 9365 composite?
True
Is 203531 prime?
True
Is 557 a prime number?
True
Is 28142 composite?
True
Is 41773 a prime number?
False
Is 830651 prime?
False
Is 19553 a prime number?
True
Is 729853 composite?
True
Is 5581 a prime number?
True
Is 15185 a prime number?
False
Is 320113 composite?
False
Is 166081 a prime number?
True
Is 9661 a composite number?
False
Is 74687 a prime number?
True
Is 1048913 a composite number?
True
Is 471589 prime?
True
Is 637847 prime?
False
Is 2231 composite?
True
Is 526117 composite?
False
Is 786047 a composite number?
False
Is 16391 a composite number?
True
Is 28181 composite?
False
Is 119057 a composite number?
False
Is 76495 prime?
False
Is 1097 composite?
False
Is 803251 a composite number?
False
Is 46847 composite?
True
Is 407 a prime number?
False
Is 26615 a prime number?
False
Is 9841 a composite number?
True
Is 213103 composite?
True
Is 2503 a composite number?
False
Is 85381 composite?
False
Is 864439 prime?
True
Is 13997 a prime number?
True
Is 4327 composite?
False
Is 979835 a prime number?
False
Is 149 composite?
False
Is 5765 prime?
False
Is 155797 a prime number?
True
Is 505187 composite?
False
Is 54123 a prime number?
False
Is 10606 a composite number?
True
Is 55399 a prime number?
True
Is 6329 prime?
True
Is 15563 composite?
True
Is 17729 a composite number?
False
Is 471589 a prime number?
True
Is 872999 a prime number?
True
Is 70251 a prime number?
False
Is 2545 prime?
False
Is 456737 prime?
True
Is 42797 a prime number?
True
Is 119477 a composite number?
True
Is 147073 a prime number?
True
Is 109357 composite?
False
Is 19021 a prime number?
False
Is 257753 a composite number?
True
Is 228677 a prime number?
True
Is 3127 a composite number?
True
Is 127553 a composite number?
True
Is 30757 prime?
True
Is 485729 a composite number?
False
Is 122651 composite?
False
Is 125237 prime?
False
Is 519001 a composite number?
True
Is 249703 composite?
False
Is 73181 a prime number?
True
Is 5207 a prime number?
False
Is 21751 composite?
False
Is 579487 composite?
True
Is 24317 prime?
True
Is 25111 a composite number?
False
Is 1464917 a prime number?
True
Is 29287 a composite number?
False
Is 370534 a composite number?
True
Is 11239 a composite number?
False
Is 146021 composite?
False
Is 255551 prime?
True
Is 36523 prime?
True
Is 382957 a composite number?
True
Is 2059 a composite number?
True
Is 166739 composite?
False
Is 44351 a composite number?
False
Is 95603 composite?
False
Is 10903 a composite number?
False
Is 473971 composite?
False
Is 6805 composite?
True
Is 12097 a prime number?
True
Is 921871 a composite number?
False
Is 1097879 a prime number?
True
Is 11467 a prime number?
True
Is 150445 a composite number?
True
Is 5507 composite?
False
Is 71477 a prime number?
False
Is 431501 a prime number?
False
Is 574003 prime?
True
Is 1101 composite?
True
Is 4909 composite?
False
Is 44809 composite?
False
Is 192563 prime?
False
Is 199663 a prime number?
False
Is 11113 composite?
False
Is 47791 composite?
False
Is 319639 prime?
True
Is 587 composite?
False
Is 10033 a composite number?
True
Is 511627 a prime number?
True
Is 125071 prime?
False
Is 181243 composite?
False
Is 7499 a composite number?
False
Is 36109 prime?
True
Is 68246 prime?
False
Is 82997 prime?
True
Is 61961 a prime number?
True
Is 589 a composite number?
True
Is 7061 prime?
False
Is 1591505 composite?
True
Is 947021 composite?
True
Is 5933167 a prime number?
True
Is 458701 a prime number?
True
Is 126823 composite?
False
Is 19273 prime?
True
Is 54907 composite?
False
Is 6595 composite?
True
Is 17743 a prime number?
False
Is 631703 prime?
False
Is 160903 a prime number?
True
Is 253987 a prime number?
True
Is 22829 composite?
True
Is 295447 prime?
False
Is 2071 a composite number?
True
Is 249 a prime number?
False
Is 20663 a prime number?
True
Is 4049 a composite number?
False
Is 2422559 a prime number?
True
Is 829547 prime?
True
Is 57037 prime?
True
Is 441923 a prime number?
True
Is 96893 composite?
False
Is 13367 a composite number?
False
Is 13799 composite?
False
Is 47587 composite?
True
Is 434833 composite?
True
Is 7349 a prime number?
True
Is 342101 a composite number?
False
Is 14254 composite?
True
Is 150779 a composite number?
False
Is 27173 composite?
True
Is 5182 a composite number?
True
Is 8185 composite?
True
Is 851 prime?
False
Is 412793 a prime number?
True
Is 13829 composite?
False
Is 847853 prime?
True
Is 10131547 prime?
True
Is 159013 composite?
False
Is 7613 a prime number?
False
Is 97741 prime?
False
Is 354581 a prime number?
True
Is 155 a prime number?
False
Is 37462 a prime number?
False
Is 8999 a prime number?
True
Is 31957 a composite number?
False
Is 5981 a prime number?
True
Is 24197 prime?
True
Is 794 a composite number?
True
Is 465631 prime?
True
Is 1110577 a composite number?
True
Is 11029 a composite nu